+ 2 + 23 = 5*d, 0 = 4*o + s*d - 20. Calculate the remainder when 8 is divided by o.
3
Let c(f) = -2*f - 17. Calculate the remainder when 23 is divided by c(-15).
10
Suppose -w + 2 = 0, -4*w + 47 = 5*p - 86. Calculate the remainder when 99 is divided by p.
24
Let k = -4 + 6. Suppose 2*g = -k*g + 48. Calculate the remainder when g is divided by 7.
5
Let i(r) = -r - 3. Let p be i(-3). Let q be 1 + (5 - (p - -2)). Suppose t + q = 3*t. Calculate the remainder when 5 is divided by t.
1
Let m be 5*(-2)/(-2 - 0). Suppose -4*l = -13 + m. What is the remainder when l is divided by 1?
0
Suppose -v = 4*v. Suppose 2*d - 84 + v = 0. What is the remainder when d is divided by 11?
9
Suppose 3*w - 2*x = 52, -24 - 46 = -5*w - 5*x. Calculate the remainder when w is divided by 6.
4
Let y = -11 - -10. Let l(b) = -9*b**3 + 1. Calculate the remainder when 39 is divided by l(y).
9
Let m = 6 + -1. What is the remainder when m is divided by (4/(-6))/(3/(-9))?
1
Let y(q) = q**3 - 9*q**2 - 12*q - 16. Let f be y(11). Suppose c = 3, 2*c + f = 4*p - 8. Calculate the remainder when p is divided by 6.
3
Suppose 5*v - 15 = 0, -57 = -5*p + p + 5*v. Let r(y) = -53*y - 3. Let h be r(-9). What is the remainder when (-4)/6 + h/9 is divided by p?
16
Suppose -5*y + 126 = -4*x, y - x - 26 = -1. Let g = -1 - -15. What is the remainder when y is divided by g?
12
Let q be ((-10)/(-6))/((-1)/(-9)). Let u(b) = -b**3 + 4*b**2 - b + 2. What is the remainder when 6/q + (-68)/(-5) is divided by u(3)?
6
Let y = -4 - -3. Let f = y - -3. Calculate the remainder when f is divided by 14/10 - (-4)/(-10).
0
Suppose -21 = -3*f - 3*h, h - 11 = -2*f + 2*h. Suppose 3*c - f = 4*c. Let w = 12 + c. Calculate the remainder when 10 is divided by w.
4
Let l be 40*(0 - (-8)/20). Calculate the remainder when 23 is divided by -1*(3 - l)*1.
10
Suppose -z = -0*z - 10. Let h = 6 + z. What is the remainder when h is divided by 6?
4
Let r(h) = -h**2 + 9*h - 5. Let x be r(5). What is the remainder when 16 is divided by ((-4)/10)/((-1)/x)?
4
Let y(c) = 5*c + 1. Let g be y(2). Suppose -5*v + 4 = -g. Calculate the remainder when 10 is divided by v.
1
Let s = 192 + -129. What is the remainder when s is divided by 19?
6
Suppose -y - 6*y = -210. Suppose 5*i + 4*o = 3*i + 52, -3*o - 17 = -2*i. What is the remainder when y is divided by i?
14
Suppose 3 = y - 9. What is the remainder when 56 is divided by y?
8
Suppose a = -3 + 10. Calculate the remainder when (-1410)/(-110) - (-2)/11 is divided by a.
6
Calculate the remainder when -4*(33/(-6) - -3) is divided by 10/(-2) + 2 + 10.
3
What is the remainder when ((-18)/4)/(6/(-32)) is divided by ((-2)/(-4))/(5/130)?
11
Suppose -7 - 145 = -8*c. What is the remainder when 35 is divided by c?
16
Let g = 15 + -5. Let m(f) = f**2 + 13*f + 18. Calculate the remainder when g is divided by m(-12).
4
Suppose -5*g - 4 = b - 6, 5*b - g = 10. Calculate the remainder when b - (-23)/(-2 + 3) is divided by 13.
12
Suppose 2*w - 16 = 5*v, 2*w = -v - 3*v - 2. Suppose 2*g + 4 = w*g. Let d(m) = 2*m**3 - 5*m**2 + 2*m - 6. Calculate the remainder when d(g) is divided by 17.
16
Suppose -22*s = -27*s + 65. Calculate the remainder when s is divided by 4.
1
Suppose 5*c - 78 + 24 = -3*o, -3*o = -2*c - 54. Let q be (-239)/4 - 1/4. Let a = -25 - q. What is the remainder when a is divided by o?
17
Suppose 0 = -3*z + 27 + 9. Let p(g) = -g**3 + 4*g**2 + 6*g + 2. Let a be 3/9 + 28/6. Calculate the remainder when z is divided by p(a).
5
Suppose -13 = -4*d - 1. Suppose d*q = 6*q. Suppose 3*c + 2*c - 85 = q. What is the remainder when c is divided by 6?
5
Let g be (-10)/(-45) - (-4)/(-18). Calculate the remainder when 4/(g + 2/26) is divided by 18.
16
Let c be (-4)/(-10) - (-283)/5. Let w = c - 39. What is the remainder when 43 is divided by (30/9)/(4/w)?
13
Let j = -15 + 23. Suppose 0 = w - 0*w + 4*s + j, 0 = w + 3*s + 4. Let k = w + -5. Calculate the remainder when 5 is divided by k.
2
Suppose -3*u + 28 + 23 = 0. Let v be 1/3 - (-16)/6. Let x(f) = -f**2 + 7*f - 3. Calculate the remainder when u is divided by x(v).
8
Let a(l) = -2*l - 4 - 5*l**2 + l**3 + 6*l + 2*l. What is the remainder when 10 is divided by a(4)?
2
Let z = -20 - -29. Suppose 0*l + 3*l + 5*s = 19, 5 = 3*l - 2*s. What is the remainder when z is divided by l?
0
Let a(b) = -9*b + 3. Calculate the remainder when 116 is divided by a(-3).
26
Suppose -102 = 5*u - 27. What is the remainder when 7 is divided by 5/(u/(-12)) + 1?
2
Let m be (-2)/3 - 20/(-12). Let h(k) = k**2 - 5*k - 7. What is the remainder when h(7) is divided by (1/(-1))/(m/(-4))?
3
Let n(z) = -80*z**3 + 2*z**2 + 5*z + 3. What is the remainder when n(-1) is divided by 28?
24
Let p be 66/15 + 6/(-15). Let m = -2 + p. What is the remainder when m is divided by 2?
0
Let i be 54/2*(-28)/(-12). Suppose -62 = -5*z + 2*r, 0 = -4*z - 5*r + i - 20. What is the remainder when 47 is divided by z?
11
Let d(x) = x + 20. Suppose -q + 3*u + 74 = 16, 0 = 2*q - u - 131. Calculate the remainder when q is divided by d(-3).
16
Let p = -51 + 76. Calculate the remainder when p is divided by 7.
4
Let a = -9 - -11. Suppose -20 = -5*z + 5*u, -6*z + 2*z - u + 21 = 0. Calculate the remainder when z is divided by a.
1
Let r(w) = -w**3 + 6*w**2 - 4*w - 6. Let z be r(5). Let d = z - 4. Let p(l) = -l + 4. Calculate the remainder when p(d) is divided by 6.
3
Let y(l) = 19*l**2 - 9*l + 8. What is the remainder when 262 is divided by y(2)?
64
Suppose 106 - 606 = -10*h. Let w(j) = j**3 - 4*j**2 + 4*j + 1. Calculate the remainder when h is divided by w(4).
16
What is the remainder when 41 is divided by -1 + (-1 - -5) + 11?
13
Let d = -11 - -18. Suppose 26*f + 28 = 33*f. What is the remainder when d is divided by f?
3
Suppose -3*f = -f - 226. Calculate the remainder when f is divided by 29.
26
Let d(k) = 2*k**2 + 5*k. Let g be d(-5). Suppose 0 = -2*c - 5*w - 15, -3*c = c - w - g. What is the remainder when 12 is divided by c?
2
Let l be (10/(-4) + 1)*-60. What is the remainder when 34 is divided by (6/15)/(3/l)?
10
Let u be 3 - 3/(6/4). Let j be ((3 - 3)*u)/(-2). Suppose j = -2*y - 4*g - 2, 0*y + 5 = -y - 3*g. Calculate the remainder when 12 is divided by y.
5
Let p(i) = -i**3 + i**2 + i + 1. Suppose -g + 4 + 3 = h, 20 = 4*h. Let z be p(g). Let d = z + 18. Calculate the remainder when d is divided by 6.
5
Calculate the remainder when 22 - 0 - (1 - -1)*-2 is divided by 10.
6
Let h(i) = 19*i**2 - i + 1. Let v(g) = -g**3 + 2*g**2 + 3*g + 1. Let s be v(3). What is the remainder when 36 is divided by h(s)?
17
Let q = 3 - -2. Calculate the remainder when 9 is divided by q.
4
Suppose 0 = -o + 5*t, 4*o - t - 27 = 2*o. What is the remainder when o is divided by 1 + 1 - -1*2?
3
Let u = -43 + 28. Let w = -9 - u. Let b(p) = -p**3 + 8*p**2 - 9*p + 3. What is the remainder when b(w) is divided by 11?
10
Let c(w) = w**3 + 3*w**2 - 9*w - 4. Calculate the remainder when 31 is divided by c(-4).
15
Suppose -5*k + r = -17, -5*k + 12 + 13 = -5*r. What is the remainder when 4 is divided by k?
1
Let l(a) = -13*a + 2. What is the remainder when 82 is divided by l(-2)?
26
Let i(k) = k**2 - 3*k + 6. What is the remainder when i(-9) is divided by 29?
27
Let r(m) = -m**3 - m**2 + 2*m + 3. Let h be r(-2). Suppose -2*s = h*s - 65. Calculate the remainder when 37 is divided by s.
11
Calculate the remainder when 38 is divided by ((-2)/3)/(0 - 12/90).
3
Suppose x - 5*w - 29 = 0, x - 5*w = 2*x + 11. Let o = 76 + -50. Calculate the remainder when o is divided by x.
8
Suppose 4*f + m - 1197 = -2*m, 4*f + 5*m = 1195. What is the remainder when f is divided by 43?
42
Suppose 0 = -4*t - 3*y + 66, -5*t - 3*y + 6*y + 96 = 0. What is the remainder when 34 is divided by t?
16
Let z be (-286)/6 - (-1)/(-3). What is the remainder when 12 is divided by (84/z)/(1/(-4))?
5
Let y(u) = -u**3 - 3*u**2 + 24*u + 6. What is the remainder when y(-7) is divided by 6?
4
Suppose -5*z = -15 + 5. Let j = 53 - 48. What is the remainder when j is divided by z?
1
Suppose 3*m + 2 = -4*r, 0*r + r + 3*m - 4 = 0. Suppose -31 = -x - 2*t + 25, -x + 53 = t. Calculate the remainder when x is divided by r/8 - 106/(-8).
11
Suppose 0*l + 2*l = -48. Calculate the remainder when (-5)/(10/l)*1 is divided by 4/12*21 + 0.
5
Suppose c + 10 = 8. What is the remainder when 27 is divided by c/3*-5*3?
7
S